 t(f) = f**3 - 41*f**2 - 109*f - 19. What is t(0)?
-19
Let n(d) = 21*d + 515. Give n(-25).
-10
Let v(w) = -351697*w - 2110177. Determine v(-6).
5
Let p(t) = -5*t**2 - 775*t + 93. Calculate p(-155).
93
Let z(v) = 1190*v - 15622. What is z(13)?
-152
Let k(f) = -191*f - 10432. Calculate k(-74).
3702
Let x(m) = -64715*m + 387590. Determine x(6).
-700
Let s(q) = q**3 + 116*q**2 - 43724*q + 270. What is s(-275)?
-5
Let o(t) = -4099*t + 2320016. Determine o(566).
-18
Let o(k) = k**3 + 171*k**2 + 357*k + 3219. Calculate o(-169).
8
Let w(p) = p**3 - 49*p**2 - 663*p - 239. Give w(60).
-419
Let z(s) = 2*s**2 + 7283*s + 180823. What is z(-25)?
-2
Let x(v) = -4*v**2 + 22470*v + 2333549. What is x(-102)?
-7
Let k(u) = -u**2 + 587*u + 16160. What is k(-26)?
222
Let r(i) = -541*i**3 + 22*i**2 - 19*i - 2. What is r(1)?
-540
Let c(z) = -5500*z + 7348004. Determine c(1336).
4
Let o(d) = -4*d**2 + 93*d - 773. Calculate o(17).
-348
Let v(u) = 356*u**2 - 1786*u + 23. What is v(5)?
-7
Let q(o) = 2*o**3 - 3346*o**2 + 20*o - 33456. Give q(1673).
4
Let a(n) = -1243*n - 32276. Calculate a(-26).
42
Let k(u) = 2*u**3 - 15*u**2 - 1537*u - 1004. Calculate k(32).
-12
Let u(n) = -4753*n + 1635024. What is u(344)?
-8
Let m(b) = 7111*b - 78172. What is m(11)?
49
Let c(y) = -100*y**3 + 110*y**2 + 315*y - 7. What is c(-3)?
2738
Let t(k) = k**2 - 18092*k + 144562. Determine t(8).
-110
Let i(z) = z**2 + 60*z - 6345. Determine i(-115).
-20
Let c(s) = s**2 - 250*s + 11986. Give c(66).
-158
Let p(g) = -4*g**3 - 60*g**2 + 107*g + 2387. What is p(-17)?
2880
Let f(a) = 7*a**3 - 140*a**2 + 59*a - 1187. Determine f(20).
-7
Let p(n) = 2*n**2 - 971*n + 111283. What is p(301)?
214
Let r(s) = 19*s**3 - 96*s**2 - 12*s + 75. Determine r(5).
-10
Let f(x) = 42*x**2 + 176*x + 519. Give f(-3).
369
Let q(x) = 53*x**2 - 1910*x - 5742. Calculate q(-3).
465
Let z(v) = 783*v - 114349. Give z(146).
-31
Let z(t) = -11*t**3 + 18*t**2 + 396*t - 404. Give z(1).
-1
Let z(y) = 619*y - 42803. Give z(70).
527
Let m(u) = -u**3 + 45*u**2 + 1284*u + 77. Calculate m(0).
77
Let t(g) = -51252*g - 2818834. Give t(-55).
26
Let x(k) = 17013*k - 1088846. Calculate x(64).
-14
Let x(z) = -z**3 + 63*z**2 - 137*z + 130. Calculate x(61).
-785
Let b(m) = 8*m**2 - 339*m + 633. Give b(36).
-1203
Let z(l) = 8*l**3 + 266*l**2 + 86*l + 715. Determine z(-33).
55
Let m(s) = -4*s**3 - 190*s**2 + 1044*s - 11. What is m(6)?
-1451
Let t(i) = -87*i**3 + 564*i**2 - 8*i - 21. What is t(6)?
1443
Let v(t) = -11*t**2 - 101*t + 548. Calculate v(5).
-232
Let p(y) = -3*y**2 + 4191*y - 70533. Give p(17).
-153
Let o(w) = 150847*w - 754202. What is o(5)?
33
Let y(a) = 210*a**3 - 15*a**2 + 118*a - 185. Give y(2).
1671
Let x(a) = 46*a**3 - 2209*a**2 + 46*a - 62. What is x(48)?
-158
Let c(l) = 7*l**3 - 4*l**2 + 22*l - 17. Calculate c(-5).
-1102
Let z(h) = -24*h**2 - 1337*h - 11849. Determine z(-9).
-1760
Let t(o) = 1123*o + 197. What is t(1)?
1320
Let w(l) = -l**2 - 147*l - 3921. Determine w(-109).
221
Let v(h) = -5*h**3 + 109*h**2 - 41*h + 890. What is v(22)?
-496
Let n(i) = -5*i**2 - 15598*i - 77868. Determine n(-5).
-3
Let k(z) = -z**3 + 24*z**2 + 317*z - 577. Determine k(33).
83
Let w(q) = -6*q - 13. What is w(48)?
-301
Let i(v) = -282*v - 14450. Give i(-52).
214
Let a(b) = b**3 + 7*b**2 + 247*b + 1173. Calculate a(-5).
-12
Let v(o) = 40*o - 1924. Give v(19).
-1164
Let i(l) = 79197*l + 554404. Determine i(-7).
25
Let f(y) = y**3 - 26*y**2 - 546*y + 13903. Calculate f(26).
-293
Let k(g) = 2*g**3 + 2*g**2 - 98*g + 2168. Give k(0).
2168
Let p(w) = w**2 + 152*w + 4287. What is p(-118)?
275
Let q(a) = a**2 + 76*a - 2037. Determine q(-97).
0
Let p(s) = 11*s**3 - 91*s**2 + 2047*s - 16190. Give p(8).
-6
Let w(a) = -7201*a + 72159. Calculate w(10).
149
Let z(c) = 1108*c + 40083. Calculate z(-38).
-2021
Let c(y) = -y**3 - 130*y**2 - 4055*y + 85. What is c(-78)?
7
Let q(i) = 21*i**2 + 88*i - 7570. Determine q(17).
-5
Let t(o) = 7*o**2 + 357*o + 2656. Give t(-42).
10
Let u(j) = 69*j**2 - 1443*j + 13. What is u(20)?
-1247
Let a(k) = -12*k**3 + 2154*k**2 + 1104*k - 4324. What is a(180)?
-4
Let x(q) = q**2 + 16*q + 257. Determine x(-16).
257
Let f(l) = 94*l**2 + 2325*l + 11. Determine f(-25).
636
Let q(t) = 176129*t + 1937425. Give q(-11).
6
Let z(p) = -4897*p + 474973. Determine z(97).
-36
Let l(k) = -k**3 + 70*k**2 - 1152*k - 2381. What is l(34)?
67
Let f(l) = 13891*l - 138880. Determine f(10).
30
Let j(s) = 11*s**3 - 13*s**2 - 4961*s + 4977. Give j(1).
14
Let k(w) = -w**2 + 510*w - 64477. What is k(229)?
-128
Let a(h) = -17*h**3 - 66*h**2 - 10*h - 4. Give a(-5).
521
Let v(y) = 19*y**3 + 144*y**2 - 21*y + 55. Determine v(-8).
-289
Let j(w) = -4*w**2 + 590*w - 846. Determine j(144).
1170
Let k(b) = 25*b + 1629. Give k(-60).
129
Let s(h) = h**2 + 40*h - 33904. What is s(-203)?
-815
Let b(d) = -101*d**3 - 1211*d**2 - 8*d + 38. Give b(-12).
278
Let h(q) = -1071*q + 6926. Calculate h(6).
500
Let u(y) = -y**3 - 903*y**2 - 74615*y - 2432. What is u(-811)?
1
Let i(q) = -q**3 + 26*q**2 - 111*q - 205. Calculate i(22).
-711
Let c(t) = 4*t**2 + 240*t - 41. Determine c(0).
-41
Let z(v) = 3*v**3 - 481*v**2 + 196*v - 5535. Calculate z(160).
225
Let v(m) = m**3 - 485*m**2 + 12360*m + 76. Calculate v(27).
-86
Let w(y) = y**3 + 40*y**2 + 607*y + 2952. Calculate w(-9).
0
Let b(a) = -3111*a + 9151. Calculate b(3).
-182
Let h(l) = -4*l**2 - 6650*l + 26657. What is h(4)?
-7
Let y(w) = -13726*w + 219562. Determine y(16).
-54
Let o(m) = -13523*m + 283974. Calculate o(21).
-9
Let r(a) = 20*a**2 - 3600*a + 77496. What is r(155)?
-4
Let j(l) = 11*l**2 + 427*l + 3278. Give j(-9).
326
Let p(j) = 451*j**2 + 15088*j - 8364. Give p(-34).
0
Let s(d) = -d**2 - 1993*d - 45358. Give s(-23).
-48
Let h(t) = -158386*t + 1108948. What is h(7)?
246
Let i(x) = -1115*x + 370191. Give i(332).
11
Let j(u) = 199*u - 5404. Give j(25).
-429
Let v(p) = -3*p**3 + 301*p**2 - 72*p - 2732. What is v(100)?
68
Let k(h) = -293*h + 7021. Calculate k(25).
-304
Let m(i) = 317*i**3 + 8878*i**2 + 64*i - 60. Determine m(-28).
-284
Let c(x) = 5*x**3 - 52*x**2 + 82*x - 5. What is c(3)?
-92
Let x(d) = -d**2 - 445*d - 16563. What is x(-41)?
1
Let g(j) = -3*j**3 - 182*j**2 + 2455*j + 499. Calculate g(-72).
-5
Let v(r) = -5229052*r + 47061474. Calculate v(9).
6
Let n(l) = 13504*l + 837255. What is n(-62)?
7
Let p(v) = -v**2 - 7018*v + 878320. What is p(123)?
-23
Let b(v) = -1250*v + 47476. Give b(38).
-24
Let r(q) = -q**2 + 2946*q - 61723. Determine r(21).
-298
Let j(x) = x**3 - 43*x**2 + 12*x + 939. Determine j(41).
-1931
Let g(n) = -n**3 - 58*n**2 + 182*n + 2. Calculate g(3).
-1
Let y(u) = 3*u**3 - 229*u**2 - 1378*u - 1059. Determine y(82).
253
Let z(k) = -k**2 + 370*k - 34097. What is z(196)?
7
Let b(k) = 3*k**3 + 30*k**2 - 183*k - 2075. Determine b(-9).
-185
Let s(f) = 40*f**3 + 31*f**2 - 6437*f - 6434. Give s(-1).
-6
Let g(z) = -131*z**2 + 6971*z - 1475. What is g(53)?
9
Let h(n) = -n**2 - 444*n - 27899. Determine h(-72).
-1115
Let u(p) = -321111*p + 19908905. Calculate u(62).
23
Let q(k) = -k**3 + 14*k**2 + 189*k - 2173. What is q(16)?
339
Let f(b) = -15036*b - 1157876. Give f(-77).
-104
Let b(v) = -9970*v - 49875. Give b(-5).
-25
Let t(f) = -1407464*f - 29556745. Determine t(-21).
-1
Let p(m) = 9*m**2 - 1159*m + 1828. Give p(125).
-2422
Let n(z) = 9*z**2 - 305*z + 310. Determine n(33).
46
Let m(w) = 41*w**2 + 10635*w + 45898. Determine m(-255).
-2
Let j(w) = 10*w**2 + 4480*w + 13358. What is j(-445)?
8
Let n(c) = c**3 + 71*c**2 + 438*c + 6764. Give n(-66).
-364
Let x(f) = -27*f**2 - 110*f + 13. What is x(-3)?
100
Let o(w) = -w**3 + 9*w**2 - 2145*w + 17115. What is o(8)?
19
Let s(x) = -1117995*x - 20123914. Calculate s(-18).
-4
Let n(x) = 36*x**2 - 994*x + 1504. Give n(26).
-4
Let t(s) = -31*s**3 - s**2 + 56864*s + 56865. Calculate t(-1).
31
Let h(d) = -560*d - 85668. What is h(-153)?
12
Let i(t) = -3*t**2 + 1597*t - 144880. Determine i(116).
4
Let u(k) = k**3 - 10*k**2 - 304*k + 21. Give u(-9).
1218
Let o(n) = -176*n - 762. Calculate o(-4).
-58
Let w(i) = 20*i**2 + 504*i - 2331. Determine w(4).
5
Let r(h) = -5966343*h - 29831717. What is r(-5)?
-2
Let j(b) = 388*b**3 - 117*b**2 - 125*b - 9. Give j(-1).
-389
Let q(j) = 2510*j - 183381. Calculate q(73).
-151
Let g(t) = -2*t**2 - 1961*t + 1514. Calculate g(0).
1514
Let c